{"id":124,"date":"2013-01-06T07:43:54","date_gmt":"2013-01-06T08:43:54","guid":{"rendered":"http:\/\/drfugmann.synology.me\/wordpress\/?page_id=124"},"modified":"2020-10-02T19:54:15","modified_gmt":"2020-10-02T18:54:15","slug":"impressum","status":"publish","type":"page","link":"http:\/\/www.flugmann.de\/?page_id=124","title":{"rendered":"Impressum und Kontakt"},"content":{"rendered":"<div id=\"imCel0_00\">\n<div id=\"imCel0_00_Cont\">\n<div id=\"imObj0_00\">\n<p><strong>Kontakt:<\/strong><a href=\"http:\/\/drfugmann.synology.me\/wordpress\/wp-content\/uploads\/2013\/01\/Logo03b_sw_ge2.jpg\"><img loading=\"lazy\" decoding=\"async\" class=\"alignright size-thumbnail wp-image-266\" title=\"Logo03b_sw_ge\" src=\"http:\/\/drfugmann.synology.me\/wordpress\/wp-content\/uploads\/2013\/01\/Logo03b_sw_ge2-150x150.jpg\" alt=\"\" width=\"150\" height=\"150\"><\/a><br \/>\nSie erreichen mich wie folgt:<\/p>\n<ul>\n<li>E-Mail: <strong>chefpilot@flugmann.de<\/strong><\/li>\n<li>Mobil: <strong>0160-93036407<\/strong><\/li>\n<li>Facebook (&#8222;Otmar Fugmann&#8220;)<\/li>\n<\/ul>\n<p>oder postalisch bzw. pers\u00f6nlich:<\/p>\n<p>Dr. Otmar Fugmann<br \/>\nKnellendorf 3<br \/>\n96317 Kronach<\/p>\n<div style=\"clear: both;\">&nbsp;<\/div>\n<p><strong>Allgemeine Gesch\u00e4ftsbedingungen<\/strong><br \/>\nDas Kleingedruckte finden Sie hier: <a href=\"http:\/\/www.flugmann.de\/of-daten\/AGB Flugmann 2015v1.pdf\" target=\"_blank\" rel=\"noopener noreferrer\">Allgemeine Gesch\u00e4ftsbedingungen (PDF-Datei, hier klicken)<\/a><\/p>\n<div style=\"clear: both;\">&nbsp;<\/div>\n<p><strong>Urheberrecht<\/strong><\/p>\n<p>Die durch die Seitenbetreiber erstellten Inhalte und Werke auf diesen Seiten unterliegen dem deutschen Urheberrecht. Die Vervielf\u00e4ltigung, Bearbeitung, Verbreitung und jede Art der Verwertung au\u00dferhalb der Grenzen des Urheberrechtes bed\u00fcrfen der schriftlichen Zustimmung des jeweiligen Autors bzw. Erstellers. Downloads und Kopien dieser Seite sind nur f\u00fcr den privaten, nicht kommerziellen Gebrauch gestattet. Soweit die Inhalte auf dieser Seite nicht vom Betreiber erstellt wurden, werden die Urheberrechte Dritter beachtet. Insbesondere werden Inhalte Dritter als solche gekennzeichnet. Sollten Sie trotzdem auf eine Urheberrechtsverletzung aufmerksam werden, bitten wir um einen entsprechenden Hinweis. Bei Bekanntwerden von Rechtsverletzungen werden wir derartige Inhalte umgehend entfernen.<\/p>\n<\/div>\n<\/div>\n<\/div>\n<p><strong>Haftung f\u00fcr Inhalte<\/strong><\/p>\n<p>Die Inhalte dieser Seiten wurden mit gr\u00f6\u00dfter Sorgfalt erstellt. F\u00fcr die Richtigkeit, Vollst\u00e4ndigkeit und Aktualit\u00e4t der Inhalte kann jedoch keine Gew\u00e4hr \u00fcbernommen werden.<br \/>\nEbenfalls keine Haftung wird f\u00fcr von Dritten eingestellte Inhalte \u00fcbernommen. Sollten hierbei Rechtsverletzungen bekannt werden, werden diese Inhalte entfernt.<\/p>\n<p><strong>Haftung f\u00fcr Links<\/strong><\/p>\n<p>Das Angebot kann Links zu externen Webseiten Dritter enthalten, auf deren Inhalte keinen Einfluss besteht. Deshalb kann f\u00fcr diese fremden Inhalte auch keine Gew\u00e4hr \u00fcbernommen werden. F\u00fcr die Inhalte der verlinkten Seiten ist stets der jeweilige Anbieter oder Betreiber der Seiten verantwortlich. Die verlinkten Seiten wurden zum Zeitpunkt der Verlinkung auf m\u00f6gliche Rechtsverst\u00f6\u00dfe \u00fcberpr\u00fcft. Rechtswidrige Inhalte waren zum Zeitpunkt der Verlinkung nicht erkennbar.<\/p>\n<p><strong>Google Analytics<br \/>\n<\/strong><br \/>\nDiese Website benutzt Google Analytics, einen Webanalysedienst der Google Inc. (\u201eGoogle\u201c). Google Analytics verwendet sog. \u201eCookies\u201c, Textdateien, die auf Ihrem Computer gespeichert werden und die eine Analyse der Benutzung der Website durch Sie erm\u00f6glichen. Die durch den Cookie erzeugten Informationen \u00fcber Ihre Benutzung dieser Website werden in der Regel an einen Server von Google in den USA \u00fcbertragen und dort gespeichert. Im Falle der Aktivierung der IP-Anonymisierung auf dieser Webseite, wird Ihre IP-Adresse von Google jedoch innerhalb von Mitgliedstaaten der Europ\u00e4ischen Union oder in anderen Vertragsstaaten des Abkommens \u00fcber den Europ\u00e4ischen Wirtschaftsraum zuvor gek\u00fcrzt. Nur in Ausnahmef\u00e4llen wird die volle IP-Adresse an einen Server von Google in den USA \u00fcbertragen und dort gek\u00fcrzt. Im Auftrag des Betreibers dieser Website wird Google diese Informationen benutzen, um Ihre Nutzung der Website auszuwerten, um Reports \u00fcber die Websiteaktivit\u00e4ten zusammenzustellen und um weitere mit der Websitenutzung und der Internetnutzung verbundene Dienstleistungen gegen\u00fcber dem Websitebetreiber zu erbringen. Die im Rahmen von Google Analytics von Ihrem Browser \u00fcbermittelte IP-Adresse wird nicht mit anderen Daten von Google zusammengef\u00fchrt. Sie k\u00f6nnen die Speicherung der Cookies durch eine entsprechende Einstellung Ihrer Browser-Software verhindern; wir weisen Sie jedoch darauf hin, dass Sie in diesem Fall gegebenenfalls nicht s\u00e4mtliche Funktionen dieser Website vollumf\u00e4nglich werden nutzen k\u00f6nnen.<\/p>\n<p>&nbsp;<\/p>\n","protected":false},"excerpt":{"rendered":"<p>Kontakt: Sie erreichen mich wie folgt: E-Mail: chefpilot@flugmann.de Mobil: 0160-93036407 Facebook (&#8222;Otmar Fugmann&#8220;) oder postalisch bzw. pers\u00f6nlich: Dr. Otmar Fugmann Knellendorf 3 96317 Kronach &nbsp; Allgemeine Gesch\u00e4ftsbedingungen Das Kleingedruckte finden Sie hier: Allgemeine Gesch\u00e4ftsbedingungen (PDF-Datei, hier klicken) &nbsp; Urheberrecht Die durch die Seitenbetreiber erstellten Inhalte und Werke auf diesen Seiten unterliegen dem deutschen Urheberrecht. Die [&hellip;]<\/p>\n","protected":false},"author":2,"featured_media":0,"parent":62,"menu_order":0,"comment_status":"closed","ping_status":"open","template":"","meta":{"ngg_post_thumbnail":0,"footnotes":""},"class_list":["post-124","page","type-page","status-publish","hentry","entry"],"_links":{"self":[{"href":"http:\/\/www.flugmann.de\/index.php?rest_route=\/wp\/v2\/pages\/124","targetHints":{"allow":["GET"]}}],"collection":[{"href":"http:\/\/www.flugmann.de\/index.php?rest_route=\/wp\/v2\/pages"}],"about":[{"href":"http:\/\/www.flugmann.de\/index.php?rest_route=\/wp\/v2\/types\/page"}],"author":[{"embeddable":true,"href":"http:\/\/www.flugmann.de\/index.php?rest_route=\/wp\/v2\/users\/2"}],"replies":[{"embeddable":true,"href":"http:\/\/www.flugmann.de\/index.php?rest_route=%2Fwp%2Fv2%2Fcomments&post=124"}],"version-history":[{"count":9,"href":"http:\/\/www.flugmann.de\/index.php?rest_route=\/wp\/v2\/pages\/124\/revisions"}],"predecessor-version":[{"id":6736,"href":"http:\/\/www.flugmann.de\/index.php?rest_route=\/wp\/v2\/pages\/124\/revisions\/6736"}],"up":[{"embeddable":true,"href":"http:\/\/www.flugmann.de\/index.php?rest_route=\/wp\/v2\/pages\/62"}],"wp:attachment":[{"href":"http:\/\/www.flugmann.de\/index.php?rest_route=%2Fwp%2Fv2%2Fmedia&parent=124"}],"curies":[{"name":"wp","href":"https:\/\/api.w.org\/{rel}","templated":true}]}}